of 4156?
4
What is the units digit of 126642?
2
What is the units digit of 45130?
0
What is the tens digit of 4327?
2
What is the hundreds digit of 594?
5
What is the tens digit of 55835?
3
What is the units digit of 245?
5
What is the ten thousands digit of 46104?
4
What is the tens digit of 2220?
2
What is the thousands digit of 24391?
4
What is the hundreds digit of 169002?
0
What is the hundreds digit of 16690?
6
What is the units digit of 67404?
4
What is the ten thousands digit of 47328?
4
What is the tens digit of 4573?
7
What is the units digit of 5837?
7
What is the thousands digit of 4435?
4
What is the ten thousands digit of 11802?
1
What is the units digit of 2788?
8
What is the units digit of 4795?
5
What is the units digit of 969?
9
What is the tens digit of 52516?
1
What is the thousands digit of 5456?
5
What is the hundreds digit of 1274?
2
What is the units digit of 3128?
8
What is the thousands digit of 47294?
7
What is the ten thousands digit of 65766?
6
What is the units digit of 872?
2
What is the hundreds digit of 285?
2
What is the units digit of 19118?
8
What is the ten thousands digit of 26230?
2
What is the thousands digit of 67893?
7
What is the units digit of 545?
5
What is the tens digit of 49419?
1
What is the hundreds digit of 8130?
1
What is the tens digit of 97?
9
What is the thousands digit of 11993?
1
What is the thousands digit of 13042?
3
What is the thousands digit of 30956?
0
What is the units digit of 2648?
8
What is the tens digit of 69?
6
What is the thousands digit of 1026?
1
What is the thousands digit of 9122?
9
What is the units digit of 18807?
7
What is the units digit of 17?
7
What is the units digit of 160785?
5
What is the thousands digit of 61205?
1
What is the hundreds digit of 716?
7
What is the thousands digit of 19555?
9
What is the units digit of 56192?
2
What is the units digit of 65196?
6
What is the ten thousands digit of 86765?
8
What is the hundreds digit of 15889?
8
What is the hundreds digit of 28371?
3
What is the ten thousands digit of 36284?
3
What is the thousands digit of 5134?
5
What is the hundreds digit of 3518?
5
What is the hundreds digit of 457?
4
What is the tens digit of 26009?
0
What is the hundreds digit of 502?
5
What is the units digit of 32905?
5
What is the tens digit of 8268?
6
What is the hundreds digit of 19630?
6
What is the units digit of 84138?
8
What is the units digit of 923?
3
What is the units digit of 1309?
9
What is the tens digit of 233?
3
What is the hundreds digit of 48538?
5
What is the units digit of 65?
5
What is the hundreds digit of 1466?
4
What is the thousands digit of 10083?
0
What is the tens digit of 3070?
7
What is the tens digit of 465?
6
What is the thousands digit of 3803?
3
What is the tens digit of 5770?
7
What is the ten thousands digit of 13527?
1
What is the ten thousands digit of 18265?
1
What is the tens digit of 2187?
8
What is the thousands digit of 1394?
1
What is the units digit of 16509?
9
What is the thousands digit of 22070?
2
What is the units digit of 5470?
0
What is the tens digit of 4860?
6
What is the thousands digit of 40084?
0
What is the tens digit of 553?
5
What is the tens digit of 82359?
5
What is the units digit of 13187?
7
What is the hundreds digit of 1783?
7
What is the thousands digit of 33347?
3
What is the units digit of 2757?
7
What is the tens digit of 80710?
1
What is the thousands digit of 1205?
1
What is the units digit of 44535?
5
What is the units digit of 798?
8
What is the thousands digit of 22041?
2
What is the hundreds digit of 2302?
3
What is the units digit of 28808?
8
What is the hundreds digit of 218?
2
What is the units digit of 54566?
6
What is the tens digit of 85921?
2
What is the tens digit of 3263?
6
What is the tens digit of 555?
5
What is the thousands digit of 2891?
2
What is the ten thousands digit of 28262?
2
What is the units digit of 32927?
7
What is the tens digit of 5369?
6
What is the units digit of 18488?
8
What is the tens digit of 898?
9
What is the units digit of 1061?
1
What is the units digit of 35781?
1
What is the ten thousands digit of 106664?
0
What is the hundreds digit of 4270?
2
What is the tens digit of 2951?
5
What is the tens digit of 732?
3
What is the hundreds digit of 3927?
9
What is the thousands digit of 7454?
7
What is the tens digit of 3192?
9
What is the units digit of 13475?
5
What is the tens digit of 1881?
8
What is the thousands digit of 46357?
6
What is the ten thousands digit of 10548?
1
What is the tens digit of 84632?
3
What is the hundreds digit of 703?
7
What is the thousands digit of 16211?
6
What is the tens digit of 970?
7
What is the ten thousands digit of 52892?
5
What is the thousands digit of 7004?
7
What is the tens digit of 749?
4
What is the thousands digit of 2033?
2
What is the units digit of 1111?
1
What is the hundreds digit of 2791?
7
What is the hundreds digit of 419?
4
What is the hundreds digit of 757?
7
What is the units digit of 3893?
3
What is the hundreds digit of 2628?
6
What is the ten thousands digit of 22533?
2
What is the units digit of 1448?
8
What is the units digit of 1387?
7
What is the hundreds digit of 3444?
4
What is the units digit of 47794?
4
What is the hundreds digit of 782?
7
What is the units digit of 3748?
8
What is the tens digit of 30079?
7
What is the units digit of 1514?
4
What is the thousands digit of 21378?
1
What is the units digit of 1235?
5
What is the tens digit of 26714?
1
What is the tens digit of 2171?
7
What is the tens digit of 1422?
2
What is the hundreds digit of 339?
3
What is the hundreds digit of 4466?
4
What is the thousands digit of 10970?
0
What is the thousands digit of 4262?
4
What is the hundred thousands digit of 105848?
1
What is the tens digit of 1453?
5
What is the hundreds digit of 254?
2
What is the hundreds digit of 19038?
0
What is the tens digit of 274?
7
What is the thousands digit of 3256?
3
What is the units digit of 709?
9
What is the hundreds digit of 4006?
0
What is the tens digit of 37372?
7
What is the hundreds digit of 30637?
6
What is the hundreds digit of 62750?
7
What is the units digit of 808?
8
What is the hundreds digit of 13168?
1
What is the hundreds digit of 11920?
9
What is the hundreds digit of 4065?
0
What is the hundreds digit of 17248?
2
What is the thousands digit of 3089?
3
What is the tens digit of 18477?
7
What is the tens digit of 12063?
6
What is the units digit of 56575?
5
What is the tens digit of 116?
1
What is the tens digit of 1139?
3
What is the thousands digit of 1345?
1
What is the units digit of 31484?
4
What is the thousands digit of 14876?
4
What is the units digit of 46029?
9
What is the ten thousands digit of 45550?
4
What is the thousands digit of 35047?
5
What is the thousands digit of 32005?
2
What is the hundreds digit of 49172?
1
What is the thousands digit of 3660?
3
What is the hundreds digit of 8093?
0
What is the thousands digit of 3258?
3
What is the tens digit of 741?
4
What is the units digit of 219?
9
What is the hundreds digit of 47481?
4
What is the ten thousands digit of 56223?
5
What is the units digit of 2402?
2
What is the tens digit of 1883?
8
What is the hundreds digit of 709?
7
What is the units digit of 76?
6
What is the units digit of 786?
6
What is the hundreds digit of 2107?
1
What is the thousands digit of 7697?
7
What is the hundreds digit of 7310?
3
What is the hundreds digit of 4735?
7
What is the hundreds digit of 180?
1
What is the ten thousands digit of 65752?
6
What is the units digit of 101?
1
What is the thousands digit of 2057?
2
What is the hundreds digit of 4885?
8
What is the units digit of 2221?
1
What is the tens digit of 13887?
8
What is the tens digit of 70?
7
What is the tens digit of 45199?
9
What is the units digit of 3514?
4
What is the hundreds digit of 7960?
9
What is the tens digit of 4233?
3
What is the units digit of 7849?
9
What is the units digit of 1869?
9
What is the units digit of 1525?
5
What is the hundreds digit of 290?
2
What is the tens digit of 372?
7
What is the hundred thousands digit of 100961?
1
What is the tens digit of 27139?
3
What is the hundreds digit of 622?
6
What is the tens digit of 93126?
2
What is the tens digit of 2476?
7
What is the thous